6. Calculate g(-79).
11
Let p(h) = -h**3 + 18*h**2 + 444*h - 44. Give p(-14).
12
Let u(r) = r**2 - 14*r + 44. What is u(8)?
-4
Let f(q) = 235*q**3 - 5*q**2 + 7*q - 1. Calculate f(1).
236
Let c(q) = -382*q + 4274. What is c(11)?
72
Let h(f) = f**3 - 6*f**2 - 287*f + 1940. Give h(7).
-20
Let t(k) = 86*k + 9038. Determine t(-105).
8
Let s(c) = -c**2 + 73*c - 1315. Give s(35).
15
Let l(m) = 16518*m + 33025. Give l(-2).
-11
Let j(t) = t**2 + 21*t - 798. Give j(-38).
-152
Let k(u) = u**2 + 324*u - 4093. Give k(12).
-61
Let p(k) = -51*k - 4106. What is p(-81)?
25
Let y(n) = 21*n**3 + 7*n**2 - 20*n + 3. What is y(2)?
159
Let l(w) = -19*w**2 + 1633*w + 92. Determine l(86).
6
Let r(m) = -4*m**2 + 12*m + 324. What is r(11)?
-28
Let n(t) = 28*t**3 + t**2 + 2*t + 5. Give n(-2).
-219
Let q(m) = 3*m**3 - 44*m**2 - 18*m + 38. Give q(15).
-7
Let c(w) = 25266*w + 202125. Give c(-8).
-3
Let u(s) = -s**3 + 22*s**2 + 8*s - 155. What is u(22)?
21
Let k(q) = 3*q + 499. Determine k(-43).
370
Let z(y) = 66*y - 20. Calculate z(-1).
-86
Let z(t) = 490*t**2 - 28*t - 26. Calculate z(-1).
492
Let l(w) = w**3 - 19*w**2 + 324. Calculate l(18).
0
Let c(n) = 484*n - 4880. What is c(10)?
-40
Let x(i) = -60*i**2 - 718*i + 18. Calculate x(-12).
-6
Let k(r) = -r**3 + 72*r**2 - 80*r + 645. Calculate k(71).
6
Let s(w) = 2*w**3 - 7*w**2 + 20*w - 156. Calculate s(5).
19
Let n(o) = o**2 - 51*o - 3015. What is n(-35)?
-5
Let i(l) = 9*l. What is i(6)?
54
Let y(l) = -l**3 + 26*l**2 - l + 16. Give y(26).
-10
Let j(d) = 3*d**3 - 32*d**2 + 27*d - 66. Calculate j(10).
4
Let u(r) = -15*r**3 + r**2 + 2*r + 1. What is u(-1)?
15
Let x(v) = -2*v**2 - 24*v - 61. Calculate x(-8).
3
Let t(r) = 106*r**2 - 530*r - 2. Calculate t(5).
-2
Let g(k) = 5*k**2 - 41*k - 90. Calculate g(10).
0
Let r(x) = -70*x + 210. Give r(3).
0
Let k(f) = -f**3 - 45*f + 4. Give k(0).
4
Let t(q) = -241*q - 30. Determine t(-1).
211
Let p(y) = 459*y + 233. Calculate p(-1).
-226
Let q(a) = -a**3 - 37*a**2 - 130*a + 70. Calculate q(-33).
4
Let r(b) = -b**3 - 12*b**2 + 367*b + 41. Determine r(-26).
-37
Let t(n) = 17*n**2 - 79*n - 137. Determine t(6).
1
Let d(s) = -s**3 - 62*s**2 - 297*s - 674. Calculate d(-57).
10
Let k(z) = -20*z + 1051. What is k(52)?
11
Let a(h) = -18*h**3 + 6*h**2 - 54*h + 95. Give a(2).
-133
Let b(h) = -205*h + 3505. What is b(17)?
20
Let y(s) = s**3 + 8*s**2 + 25*s + 48. Determine y(-4).
12
Let y(f) = 4*f**3 + 837*f**2 + 215*f + 1286. Determine y(-209).
32
Let i(v) = -26*v + 469. Give i(17).
27
Let i(m) = -411*m + 54. Calculate i(0).
54
Let a(o) = -o**3 - 45*o**2 - 204*o - 99. Determine a(-40).
61
Let h(o) = o**3 + 21*o**2 - 197*o - 14. Calculate h(-28).
14
Let a(c) = -c**3 - 91*c**2 - 755*c + 16. Give a(-9).
169
Let i(l) = -12*l - 306. Determine i(-5).
-246
Let t(a) = -90*a**2 - 10*a - 1. Determine t(-1).
-81
Let x(f) = 34*f - 484. Determine x(-4).
-620
Let b(z) = z**2 - 10*z - 4615. What is b(-63)?
-16
Let b(h) = 11*h - 239. Determine b(20).
-19
Let o(u) = u - 98. Calculate o(38).
-60
Let p(b) = -b**2 - 30*b - 50. Determine p(-21).
139
Let s(p) = -p**2 + 46*p - 169. Give s(45).
-124
Let n(l) = -4*l**3 - 70*l**2 - 653. Calculate n(-18).
-5
Let u(j) = -3*j**3 + 26*j**2 + 74*j + 24. Determine u(11).
-9
Let n(b) = -b**3 - 54*b**2 + 65*b - 2653. Calculate n(-56).
-21
Let m(o) = o**3 - 22*o**2 + 18*o - 64. Determine m(8).
-816
Let c(v) = 2102*v - 10506. Give c(5).
4
Let t(k) = -k**3 + 31*k**2 - 102*k - 20. Give t(27).
142
Let k(c) = 110*c + 17719. Determine k(-161).
9
Let q(h) = 59*h - 111. Determine q(5).
184
Let p(k) = 10*k**2 + 486*k - 190. What is p(-49)?
6
Let l(k) = -2*k - 212. What is l(-28)?
-156
Let t(y) = 352*y + 3611. Calculate t(-12).
-613
Let p(d) = 5*d**2 + 27*d - 310. Determine p(-11).
-2
Let h(u) = 90*u - 19. What is h(0)?
-19
Let l(j) = 597*j - 176716. What is l(296)?
-4
Let q(v) = -166*v - 329. What is q(-2)?
3
Let k(u) = u**3 + 21*u**2 - 43*u + 29. Give k(-23).
-40
Let n(y) = -3*y**2 + 104*y - 46. Calculate n(33).
119
Let l(q) = -q**3 + 73*q**2 - 397*q - 339. Determine l(67).
-4
Let y(p) = p**3 + 52*p**2 - 259*p - 122. Calculate y(5).
8
Let l(z) = z**3 - 5*z**2 + 209*z - 837. Give l(4).
-17
Let r(h) = 76*h**2 - 1371*h - 16. Give r(18).
-70
Let n(m) = -3*m**3 + 28*m**2 + 15*m - 17. Calculate n(10).
-67
Let v(x) = -20*x - 539. Give v(-18).
-179
Let q(d) = 838*d - 1010. Give q(1).
-172
Let f(b) = 144*b - 692. Calculate f(5).
28
Let i(s) = 53*s - 391. Determine i(7).
-20
Let o(t) = 7*t**3 + 105*t**2 + 121*t - 787. Give o(-13).
6
Let p(n) = -24*n + 42. What is p(2)?
-6
Let w(l) = -8*l**2 + 68*l - 11. Give w(2).
93
Let w(q) = -2*q**3 + 145*q**2 + 63*q - 70. What is w(73)?
-800
Let t(v) = -v**2 - 49*v - 492. Determine t(-24).
108
Let c(v) = -254*v - 4591. Give c(-18).
-19
Let q(x) = -x**2 + 728*x + 2925. Give q(-4).
-3
Let g(u) = 72*u + 2441. What is g(-35)?
-79
Let n(r) = -r**3 + 110*r**2 + 693*r + 349. What is n(116)?
1
Let w(y) = 8*y - 352. Calculate w(47).
24
Let c(r) = 10*r**2 - 9*r + 8. Determine c(1).
9
Let w(u) = -3*u - 50. Calculate w(-21).
13
Let q(j) = j**3 - 16*j**2 - 80*j + 1309. Give q(17).
238
Let q(v) = 51*v + 146. Calculate q(-3).
-7
Let o(z) = 288*z - 493. Determine o(2).
83
Let s(c) = 90*c + 24. Calculate s(-1).
-66
Let n(b) = b + 59. What is n(-73)?
-14
Let l(a) = -2*a**3 + a**2 - 10*a - 16. What is l(-3)?
77
Let s(g) = -759*g - 5318. Give s(-7).
-5
Let j(r) = 19*r + 142. What is j(-10)?
-48
Let o(r) = 301*r - 2439. Calculate o(10).
571
Let m(a) = 18*a - 671. Give m(36).
-23
Let s(d) = 138*d + 1523. Give s(-11).
5
Let g(d) = -2*d**3 + 6*d**2 + 41*d - 19. Give g(6).
11
Let b(o) = 514*o - 9836. Calculate b(19).
-70
Let y(h) = -4*h**2 - 3*h + 62. Give y(-6).
-64
Let r(q) = 2*q**2 + 52*q + 78. Calculate r(-25).
28
Let p(f) = -2*f**3 + 2*f**2 + 102*f - 45. Determine p(-8).
291
Let x(b) = -b**3 - b**2 + 9*b + 9. Determine x(4).
-35
Let y(x) = -x**2 - 5*x + 95. What is y(11)?
-81
Let m(a) = -10*a + 84. Give m(16).
-76
Let g(y) = -y**2 + 17*y + 2073. Calculate g(53).
165
Let j(r) = -r**2 + 4*r + 31. Determine j(10).
-29
Let l(o) = 2*o**3 + 47*o**2 - 23*o - 68. Determine l(-24).
-92
Let c(l) = l**3 - 24*l**2 - 25*l + 620. What is c(24)?
20
Let f(p) = 146*p - 51. Give f(0).
-51
Let l(t) = -t**3 - 7*t**2 + 95*t - 15. Calculate l(-13).
-236
Let y(j) = -143*j - 17574. Give y(-123).
15
Let x(t) = 8*t**2 + 325*t + 1178. Give x(-4).
6
Let m(y) = y**2 + 17*y - 624. What is m(16)?
-96
Let w(m) = -m**3 - 7*m**2 + 22*m - 110. Calculate w(-10).
-30
Let q(i) = 5*i**2 - 56*i - 307. What is q(-4)?
-3
Let v(n) = -n**3 + 43*n**2 - 4*n + 135. What is v(43)?
-37
Let b(a) = -4*a + 268. Calculate b(57).
40
Let f(y) = -791*y - 23737. What is f(-30)?
-7
Let q(p) = 4*p**2 + 80*p - 274. Calculate q(-23).
2
Let n(m) = m + 1. What is n(-13)?
-12
Let c(f) = -f**3 + 11*f**2 + 25*f - 22. What is c(12)?
134
Let a(h) = -h**2 + 1780. Determine a(42).
16
Let h(x) = x**2 - 26*x - 124. Calculate h(-4).
-4
Let k(s) = -5070*s - 15200. Calculate k(-3).
10
Let y(d) = -979*d + 14736. What is y(15)?
51
Let g(b) = 3*b**3 + 14*b**2 + 9*b - 5. What is g(-1)?
-3
Let r(a) = 1119*a + 299885. Determine r(-268).
-7
Let n(z) = 12*z**2 + 329*z + 131. Calculate n(-27).
-4
Let f(u) = -u**2 + 52*u - 95. Give f(50).
5
Let v(n) = n**3 + 8*n**2 - 179*n - 1582. Determine v(-9).
-52
Let t(g) = g**2 + 118*g + 1957. Determine t(-27).
-500
Let q(d) = 21*d**3 - 81*d**2 - d - 9. Give q(4).
35
Let f(u) = -u**2 + 61*u + 569. Calculate f(69).
17
Let f(i) = i**3 + 44*i**2 - 45*i - 46. What is f(-45)?
-46
Let p(o) = -8*o**3 + 143*o**2 + 30*o - 209. What is p(18)?
7
Let r(p) = -p**2 + 6*p - 21. Determine r(15).
-156
Let m(j) = -j**3 - 32*j**2 - 32*j - 8. Calculate m(-31).
23
Let g(x) = -2*x**3 + 33*x**2 - 52*x + 35. Give g(15).
-70
Let s(b) = -b**3 + 21*b**2 - 39*b + 4. Determine s(5).
209
Let p(k) = -17*k**2 + 253*k + 37. Give p(15).
7
Let j(l) = -7*l**3 + 2*l**2 - 3*l + 18. Give j(0).
18
Let i(o) = o**2 - 54*o + 213. Calculate i(53).
160
Let b(z) = -2*z**2 - 29*z - 13. Calculate b(-18).
-139
Let k(a) = -a**3 + 108*a**2 + 118*a - 981. Determine k(109).
0
Let h(b) = 1774*b + 10637. Give h(-6).
-7
Let b(l) = 117*l - 1643. Calculate b(12).
-239
Let b(s) = 276*s**2 + 1126*s + 29. What is b(-4)?
-59
Let g(w) = w**2 + 19*w - 261. Calculate g(0).
-261
Let z(v) 